-4
Let f(b) = -b**3 + b**2 + 2*b - 1. Let i be (-1)/(9/6 - 1). Let s be f(i). Suppose -2*q = -s*q + 15. Let r(c) = c**2 + c. Determine r(q).
12
Let r(u) = 2*u - 2. Let z(f) = -5*f + 6. Let s(c) = -8*r(c) - 3*z(c). Determine s(4).
-6
Suppose -10*f = -3*f - 42. Let i(r) = r**2 - 8*r + 7. Determine i(f).
-5
Let g(x) be the first derivative of -x**3/6 - 2*x**2 + x + 2. Let n(o) be the first derivative of g(o). Determine n(-4).
0
Let l(q) = 4. Let w(t) = -t + 1. Let z(k) = l(k) - w(k). Let x = 0 + -6. Determine z(x).
-3
Let v(w) = 25*w + 1. Let g be (-4)/8 - (-18)/12. What is v(g)?
26
Let n(m) = 8*m. Let i be -3 + 1 - (-1 - 2). What is n(i)?
8
Let n(f) = -2*f + 1. Let i be ((-10)/(-5))/(0 + -2). Give n(i).
3
Let q(h) = -h**3 + 4*h**2 - 2*h - 3. Suppose -2*r - 4 + 0 = 0, 0 = c - r - 5. Determine q(c).
0
Let d = -3 + 3. Let b(o) = 0 + d - o. What is b(-4)?
4
Suppose -5*t + 4*x = 3*x - 29, 4*t = 5*x + 19. Let c(q) = -q**2 + 7*q + 1. Calculate c(t).
7
Let s(j) = 5*j**2 + 1. Let l(h) = -h**3 + 3*h**2 + h. Let g be l(2). Suppose -3*c + g = -c. Suppose -c = -0*t + 3*t. Give s(t).
6
Let k(j) = j - 8. Let t be (-6)/15 + (-54)/(-10). Suppose -1 = -d + t. Calculate k(d).
-2
Let y be (3/6 + -1)*10. Let u be (4/6)/((-12)/(-54)). Let t(c) = 0*c - c**u - 5*c**2 - 3 + 0*c + 7. Calculate t(y).
4
Let b be 9/(9/10) + -1. Let a(l) = -11 + b + 4*l + l - 3*l. What is a(4)?
6
Let m be 1/((-2)/13)*-2. Let g = 5 - m. Let u = -13 - g. Let y(w) = w + 5. Calculate y(u).
0
Let k(z) be the second derivative of z**5/20 + 5*z**4/12 - z**3 - 4*z**2 - 2*z. What is k(-6)?
-8
Let k(z) = 6*z**3 - 6*z - 1 + 7*z**2 - 7*z**3 + 5 - 2. Determine k(6).
2
Let v(l) = -l - 1. Let y(o) = o + 2. Let j(a) = 3*v(a) + y(a). Calculate j(-4).
7
Let s = -24 - -17. Let b = -11 - s. Let r(t) = -t - 1. Determine r(b).
3
Let r(z) = z - 1. Let p be (-1 + -1 + 0 + 2)/(-1). Determine r(p).
-1
Let z(x) = -x**3 - 6*x**2 - 4*x - 3. Let p be z(-2). Let l = p + 16. Let j(r) = -8 - r**2 - 3*r + l*r + 4*r + 0*r**2. Calculate j(6).
-8
Let n be (6/4)/((-3)/(-4)). Let s(z) = 4 + 5*z + 5*z**2 + 4*z**3 - 3*z - n*z**3 - z**3. Calculate s(-5).
-6
Let q = -113 + 117. Let f(m) be the third derivative of 1/120*m**6 + 0*m - 1/15*m**5 + 0 + 1/3*m**3 - 3*m**2 - 7/24*m**q. Determine f(5).
-8
Let k = 13 + -20. Let r be 3*1*k/7. Let g(a) = 4*a**2 - 1 + a**3 - 2*a + 3*a + 2. Determine g(r).
7
Let s(l) = 4*l**3 - 6*l**2 + 6*l - 3. Let v(n) = -5*n**3 + 7*n**2 - 7*n + 2. Let w(g) = -6*s(g) - 5*v(g). Give w(0).
8
Let b(u) = 9*u**2 - 2*u - 1. Let t(o) = 7*o - 28*o**2 + 6 - 1 - 4 + 2. Suppose i - 3 - 4 = 0. Let r(f) = i*b(f) + 2*t(f). What is r(-1)?
6
Let j be (-1)/3*(2 - 14). Let i(z) = -2 + j*z + z - z - 3*z. What is i(4)?
2
Let c(r) = -2*r - 1. Let m(w) = -w**3 + 9*w**2 + 2*w - 16. Let q be m(9). Calculate c(q).
-5
Let o(l) be the third derivative of l**7/2520 + l**6/180 - l**5/120 - l**4/8 - 3*l**2. Let m(t) be the second derivative of o(t). Let z = 6 - 9. Calculate m(z).
-4
Let w(l) be the first derivative of -l**4/4 - 5*l**3/3 + 5*l**2/2 + 4*l + 7. What is w(-6)?
10
Let c(a) = -3*a. Let d(g) = -5*g + 18. Let y(f) = -9*f + 35. Let q(l) = 7*d(l) - 4*y(l). Let z be q(12). Calculate c(z).
6
Suppose -1 + 0 = -g. Suppose c + u - 6*u = -23, -u + g = c. Let d(z) = -z**3 - 5*z**2 - 4*z - 3. Determine d(c).
-9
Let a(z) be the first derivative of 2 + z + 1/2*z**2. Let g be a(2). Let p(w) = -w**2 + 2*w - 2. Determine p(g).
-5
Let a = 0 - 0. Suppose -2*j - 2 - 6 = a. Let w(g) be the third derivative of -g**6/120 - g**5/20 + 5*g**4/24 + g**3/3 + 2*g**2. Determine w(j).
-2
Let s = 10 + -25. Let b = s + 16. Let q(d) be the second derivative of 5*d**4/6 - d**3/6 + d. What is q(b)?
9
Let o be (36/10)/((-63)/210). Let p(x) = x**3 + 13*x**2 + 11*x - 15. Give p(o).
-3
Let q(s) = s**3 - s**2 - s + 4. Let p = 2 + -4. Let w(c) = -c - 1 - 4 + 3. Let r be w(p). Determine q(r).
4
Let a(x) be the first derivative of -7*x**4/4 + x + 11. Calculate a(1).
-6
Suppose 3*a - 4 = 8. Let n(r) = 9*r**3 - a*r + 2*r - r**2 - 1 - 3*r**3 + r**3. Suppose 0 = 5*x - 5, -2*b + 3*x = -2*x + 7. Determine n(b).
-7
Let x(z) = z - 4. Let c(y) = 19*y + 1. Let j be c(2). Suppose j + 6 = 3*w. Suppose -3*k - k - 12 = -4*b, 4*k + 5*b - w = 0. Calculate x(k).
-4
Let v(j) be the first derivative of j**6/120 + j**5/12 + j**4/6 + j**3/3 + 5*j**2/2 - 5. Let r(f) be the second derivative of v(f). Give r(-2).
6
Let w(p) = -p**3 + 6*p**2 - 5*p + 5. Suppose 6 + 42 = -3*f. Let j = -7 - f. Let n be (-2)/(-4) - j/(-2). Give w(n).
5
Let f(y) be the third derivative of -y**4/12 - y**3/3 - y**2. Let q be 6 - (2 + -2) - 2. Give f(q).
-10
Let o(h) be the third derivative of 0 - 2/3*h**3 + 3*h**2 + 1/60*h**5 - 1/8*h**4 + 0*h. Suppose c = 4*c - 12. What is o(c)?
0
Let k(c) = -c**3 + 4*c**2 - 2*c - 1. Let i be k(3). Suppose -3*w = -3*u - 30, u - 2*u = -5*w + 34. Let z(a) = 2*a**2 + 0*a - w*a + 2 + 2*a. Calculate z(i).
2
Suppose -4*u = 5*v + 45, -2*u + 4*v = 2*v. Let w(g) = g**3 + 4*g**2 - 5*g - 1. Determine w(u).
-1
Let k(g) be the first derivative of g**4/4 - 5*g**3/3 + g**2 + g - 31. Calculate k(5).
11
Let h(c) = -8*c + c + c**2 - 2*c + c + 9. Determine h(6).
-3
Let n = -7 - -9. Suppose n*u = -0*r + 2*r, -3*r = u - 4. Let t(i) = -r - 2 + 3*i + 1 - i. Calculate t(3).
4
Let a(v) = 4*v**2 - v. Let w be (-96)/(-4)*5/(-4). Let r be 8/60 - 26/w. What is a(r)?
3
Let j(u) = -u - 9. Let z = -112 - -108. Give j(z).
-5
Let b(p) = -3*p**3 - 20*p**2 + 18*p + 14. Let t(r) = -r**3 - 7*r**2 + 6*r + 5. Let l(q) = -4*b(q) + 11*t(q). What is l(-4)?
7
Let b(v) be the first derivative of -v**3/3 - v**2/2 - 9*v + 24. Calculate b(0).
-9
Let f(k) = -8*k - 17. Let q(r) = 7*r + 16. Let b(d) = -6*f(d) - 7*q(d). Determine b(-9).
-1
Let l be (-1)/(1 - (-4)/(-3)). Let m(a) = 5 - 3 - a + 0 - l. Let w(u) = u**2 + 3*u - 7. Let r be w(-5). Determine m(r).
-4
Let k(j) = -1. Let h(x) = -x - 1. Let z(q) = -h(q) + k(q). Suppose -l = -2*l - 1. Calculate z(l).
-1
Let z(u) = -5*u + 1. Suppose 2*c - 9 = -2*y - 7, 5*c = -2*y - 4. What is z(c)?
11
Let n be (28/21)/(2/3). Let p = -2 - n. Let w(c) = -2*c - 1. What is w(p)?
7
Let a = -59 + 34. Let v = a - -18. Let o(i) = i**3 + 8*i**2 + 8*i + 2. Let g be o(v). Let w(h) = h**3 + 4*h**2 - 6*h - 5. Calculate w(g).
0
Let n(u) = -3*u + u**2 + 3*u + u - 6*u**3. Suppose 2*s - 14 = -2*b, 0*s = -5*b + 4*s - 10. Suppose b = 2*i - 0*v + v, 0 = i + v - 3. Calculate n(i).
6
Let n(y) = -6*y + 6*y - 1 - 4*y + 2*y. Determine n(4).
-9
Let m(k) = -3*k**2 - 24*k - 18. Let f be ((-34)/3)/(2/3). Let s(b) = -b**2 - 8*b - 6. Let o(h) = f*s(h) + 6*m(h). Determine o(-5).
9
Suppose -16 = -13*p + 17*p. Let b(u) = -2*u. What is b(p)?
8
Let n(h) be the first derivative of -h**3/3 + h**2 + 2*h + 19. What is n(3)?
-1
Let b(u) = u - 16. Let j be b(15). Let m be j/8 - (-9)/8. Let n(v) = -17*v + 1. Calculate n(m).
-16
Let b(k) be the second derivative of -k**5/20 - k**4/4 - k**3/6 - k**2/2 - 33*k. Let w = -1 + -1. Give b(w).
-3
Suppose -10 - 11 = -3*n. Let o(l) = -2*l**3 + 8*l**2 - n*l**2 - 3 + 8*l**3 + 2. Determine o(-1).
-6
Let c(j) = -2*j**3 - 6*j**2 - 2*j - 1. Let b(t) = t**3 + 6*t**2 + t + 1. Let i(x) = 3*b(x) + 2*c(x). What is i(6)?
-5
Let x(k) = -k**3 + 8*k**2 - 5. Let q be x(8). Let j(i) = -i + 0*i + 2 - 1. Let o(l) = l**3 + 5*l**2 - l + 1. Let n(z) = j(z) - o(z). Determine n(q).
0
Let v(o) = -3*o - 8. Let f(h) = -2*h - 7. Let r(z) = -4*f(z) + 3*v(z). Give r(9).
-5
Let u(j) = j + 2. Let l(h) = -h**3 - 20*h**2 - 20*h - 25. Let q be l(-19). Determine u(q).
-4
Let a(z) = 2 + 7 + 5 + z. Suppose 5*q = -4*l - 20, -4*q = 3*l + 5 + 10. What is a(q)?
14
Let a(j) = 175*j. Let g(x) = 8*x. Let r(u) = 6*a(u) - 130*g(u). Give r(1).
10
Let h(v) = -v**2 + 1. Let p(j) = j**2 - 6*j - 6. Let i be p(6). Let s(a) = -a - 4. Let o be s(i). What is h(o)?
-3
Suppose -2*b + 0*b + 4 = 0. Let j(z) = z**2 + 2*z + 1. What is j(b)?
9
Let y(j) be the third derivative of -5*j**4/24 + j**3/3 - 4*j**2. Let x(t) = -9*t + 5. Let w(l) = -3*x(l) + 5*y(l). Suppose 4*g - 2*g - 10 = 0. What is w(g)?
5
Let u(p) = -9*p**2 + 8*p**2 + 3*p - 17 - 3*p. Give u(0).
-17
Let d(n) = 12*n - 1. Suppose 4*x = 5*x + 4. Let y = 5 + x. What is d(y)?
11
Let b(w) be the first derivative of -w**3/3 + 9*w + 1. Let j = -11 + 11. Determine b(j).
9
Let o(s) = -s**2 + 13*s**2 + 113*s**3